{"id":1877,"date":"2025-08-06T07:07:08","date_gmt":"2025-08-06T11:07:08","guid":{"rendered":"https:\/\/semillas.cc\/site\/?page_id=1877"},"modified":"2025-07-21T12:33:24","modified_gmt":"2025-07-21T16:33:24","slug":"brigada-cacalchen","status":"publish","type":"page","link":"https:\/\/semillas.cc\/site\/es\/brigada-cacalchen\/","title":{"rendered":"Brigada Cacalchen"},"content":{"rendered":"\t\t<div data-elementor-type=\"wp-page\" data-elementor-id=\"1877\" class=\"elementor elementor-1877\" data-elementor-post-type=\"page\">\n\t\t\t\t<div class=\"elementor-element elementor-element-51a1d53 e-flex e-con-boxed e-con e-parent\" data-id=\"51a1d53\" data-element_type=\"container\" data-e-type=\"container\" data-settings=\"{&quot;background_background&quot;:&quot;classic&quot;}\">\n\t\t\t\t\t<div class=\"e-con-inner\">\n\t\t\t\t<div class=\"elementor-element elementor-element-17c487ff elementor-widget__width-initial elementor-invisible elementor-widget elementor-widget-heading\" data-id=\"17c487ff\" data-element_type=\"widget\" data-e-type=\"widget\" data-settings=\"{&quot;_animation&quot;:&quot;fadeIn&quot;}\" data-widget_type=\"heading.default\">\n\t\t\t\t\t<h1 class=\"elementor-heading-title elementor-size-default\">CACALCH\u00c9N<\/h1>\t\t\t\t<\/div>\n\t\t\t\t<div class=\"elementor-element elementor-element-6855b1e elementor-widget elementor-widget-image\" data-id=\"6855b1e\" data-element_type=\"widget\" data-e-type=\"widget\" data-widget_type=\"image.default\">\n\t\t\t\t\t\t\t\t\t\t\t\t\t\t\t<img fetchpriority=\"high\" decoding=\"async\" width=\"1559\" height=\"871\" src=\"https:\/\/semillas.cc\/site\/wp-content\/uploads\/2025\/06\/PROXIMAMENTE-CACALCHEN-A-8.png\" class=\"attachment-full size-full wp-image-2244\" alt=\"\" srcset=\"https:\/\/semillas.cc\/site\/wp-content\/uploads\/2025\/06\/PROXIMAMENTE-CACALCHEN-A-8.png 1559w, https:\/\/semillas.cc\/site\/wp-content\/uploads\/2025\/06\/PROXIMAMENTE-CACALCHEN-A-8-300x168.png 300w, https:\/\/semillas.cc\/site\/wp-content\/uploads\/2025\/06\/PROXIMAMENTE-CACALCHEN-A-8-1024x572.png 1024w, https:\/\/semillas.cc\/site\/wp-content\/uploads\/2025\/06\/PROXIMAMENTE-CACALCHEN-A-8-768x429.png 768w, https:\/\/semillas.cc\/site\/wp-content\/uploads\/2025\/06\/PROXIMAMENTE-CACALCHEN-A-8-1536x858.png 1536w\" sizes=\"(max-width: 1559px) 100vw, 1559px\" \/>\t\t\t\t\t\t\t\t\t\t\t\t\t\t\t<\/div>\n\t\t\t\t\t<\/div>\n\t\t\t\t<\/div>\n\t\t<div class=\"elementor-element elementor-element-edd8c21 e-flex e-con-boxed e-con e-parent\" data-id=\"edd8c21\" data-element_type=\"container\" data-e-type=\"container\">\n\t\t\t\t\t<div class=\"e-con-inner\">\n\t\t<div class=\"elementor-element elementor-element-c8a88b4 e-con-full e-flex e-con e-child\" data-id=\"c8a88b4\" data-element_type=\"container\" data-e-type=\"container\">\n\t\t\t\t<div class=\"elementor-element elementor-element-25eb54b elementor-invisible elementor-widget elementor-widget-heading\" data-id=\"25eb54b\" data-element_type=\"widget\" data-e-type=\"widget\" data-settings=\"{&quot;_animation&quot;:&quot;fadeIn&quot;}\" data-widget_type=\"heading.default\">\n\t\t\t\t\t<h3 class=\"elementor-heading-title elementor-size-default\"> <span>Amar<\/span> y <span>servir<\/span> desde el ejemplo de Jes\u00fas<\/h3>\t\t\t\t<\/div>\n\t\t\t\t<div class=\"elementor-element elementor-element-edd07d1 elementor-widget elementor-widget-text-editor\" data-id=\"edd07d1\" data-element_type=\"widget\" data-e-type=\"widget\" data-widget_type=\"text-editor.default\">\n\t\t\t\t\t\t\t\t\t<p>Llevaremos adelante jornadas de salud y bienestar en la comunidad local, conscientes de lo alejada que est\u00e1 la poblaci\u00f3n para acceder a los servicios m\u00e9dicos esenciales. Contaremos con un equipo de profesionales comprometidos, incluyendo dentistas, optometristas, m\u00e9dicos generales, especialistas en medicina preventiva, geriatras, pediatras y ginec\u00f3logos, listos para brindar atenci\u00f3n gratuita y de calidad. Aqu\u00ed tambi\u00e9n ofreceremos servicios de peluquer\u00eda para promover el bienestar integral.<\/p>\t\t\t\t\t\t\t\t<\/div>\n\t\t\t\t<\/div>\n\t\t<div class=\"elementor-element elementor-element-f19a880 e-con-full e-flex e-con e-child\" data-id=\"f19a880\" data-element_type=\"container\" data-e-type=\"container\" data-settings=\"{&quot;background_background&quot;:&quot;classic&quot;}\">\n\t\t\t\t<div class=\"elementor-element elementor-element-a68fe15 elementor-invisible elementor-widget elementor-widget-heading\" data-id=\"a68fe15\" data-element_type=\"widget\" data-e-type=\"widget\" data-settings=\"{&quot;_animation&quot;:&quot;fadeIn&quot;}\" data-widget_type=\"heading.default\">\n\t\t\t\t\t<h3 class=\"elementor-heading-title elementor-size-default\">CACALCH\u00c9N<\/h3>\t\t\t\t<\/div>\n\t\t\t\t<div class=\"elementor-element elementor-element-b1e4708 elementor-widget elementor-widget-text-editor\" data-id=\"b1e4708\" data-element_type=\"widget\" data-e-type=\"widget\" data-widget_type=\"text-editor.default\">\n\t\t\t\t\t\t\t\t\t<p><strong>Ubicaci\u00f3n<\/strong>: <br \/>estado de Yucat\u00e1n, M\u00e9xico<\/p><p><strong>Poblaci\u00f3n<\/strong>: <br \/>7 500 habitantes<\/p><p><strong>Fecha: <br \/><\/strong>18 al 21 de noviembre de 2025<\/p><p><strong>Impacto<\/strong>: <br \/>tenemos el objetivo de asistir a +300 familias<\/p>\t\t\t\t\t\t\t\t<\/div>\n\t\t\t\t<\/div>\n\t\t\t\t\t<\/div>\n\t\t\t\t<\/div>\n\t\t<div class=\"elementor-element elementor-element-c594b94 e-flex e-con-boxed e-con e-parent\" data-id=\"c594b94\" data-element_type=\"container\" data-e-type=\"container\">\n\t\t\t\t\t<div class=\"e-con-inner\">\n\t\t<div class=\"elementor-element elementor-element-afd7a87 e-grid e-con-full e-con e-child\" data-id=\"afd7a87\" data-element_type=\"container\" data-e-type=\"container\">\n\t\t\t\t<div class=\"elementor-element elementor-element-ef30169 elementor-widget elementor-widget-image\" data-id=\"ef30169\" data-element_type=\"widget\" data-e-type=\"widget\" data-widget_type=\"image.default\">\n\t\t\t\t\t\t\t\t\t\t\t\t\t\t\t<img decoding=\"async\" width=\"490\" height=\"450\" src=\"https:\/\/semillas.cc\/site\/wp-content\/uploads\/2025\/06\/m1-cacalchen-2-8.png\" class=\"attachment-large size-large wp-image-2273\" alt=\"\" srcset=\"https:\/\/semillas.cc\/site\/wp-content\/uploads\/2025\/06\/m1-cacalchen-2-8.png 490w, https:\/\/semillas.cc\/site\/wp-content\/uploads\/2025\/06\/m1-cacalchen-2-8-300x276.png 300w\" sizes=\"(max-width: 490px) 100vw, 490px\" \/>\t\t\t\t\t\t\t\t\t\t\t\t\t\t\t<\/div>\n\t\t\t\t<div class=\"elementor-element elementor-element-3dc40e4 elementor-widget elementor-widget-image\" data-id=\"3dc40e4\" data-element_type=\"widget\" data-e-type=\"widget\" data-widget_type=\"image.default\">\n\t\t\t\t\t\t\t\t\t\t\t\t\t\t\t<img decoding=\"async\" width=\"489\" height=\"450\" src=\"https:\/\/semillas.cc\/site\/wp-content\/uploads\/2025\/06\/m1-cacalchen-1-8.png\" class=\"attachment-large size-large wp-image-2272\" alt=\"\" srcset=\"https:\/\/semillas.cc\/site\/wp-content\/uploads\/2025\/06\/m1-cacalchen-1-8.png 489w, https:\/\/semillas.cc\/site\/wp-content\/uploads\/2025\/06\/m1-cacalchen-1-8-300x276.png 300w\" sizes=\"(max-width: 489px) 100vw, 489px\" \/>\t\t\t\t\t\t\t\t\t\t\t\t\t\t\t<\/div>\n\t\t\t\t<div class=\"elementor-element elementor-element-1c91141 elementor-widget elementor-widget-image\" data-id=\"1c91141\" data-element_type=\"widget\" data-e-type=\"widget\" data-widget_type=\"image.default\">\n\t\t\t\t\t\t\t\t\t\t\t\t\t\t\t<img loading=\"lazy\" decoding=\"async\" width=\"490\" height=\"450\" src=\"https:\/\/semillas.cc\/site\/wp-content\/uploads\/2025\/06\/m1-cacalchen-3-8.png\" class=\"attachment-large size-large wp-image-2274\" alt=\"\" srcset=\"https:\/\/semillas.cc\/site\/wp-content\/uploads\/2025\/06\/m1-cacalchen-3-8.png 490w, https:\/\/semillas.cc\/site\/wp-content\/uploads\/2025\/06\/m1-cacalchen-3-8-300x276.png 300w\" sizes=\"(max-width: 490px) 100vw, 490px\" \/>\t\t\t\t\t\t\t\t\t\t\t\t\t\t\t<\/div>\n\t\t\t\t<\/div>\n\t\t\t\t\t<\/div>\n\t\t\t\t<\/div>\n\t\t<div class=\"elementor-element elementor-element-4ef4c74 e-flex e-con-boxed e-con e-parent\" data-id=\"4ef4c74\" data-element_type=\"container\" data-e-type=\"container\" data-settings=\"{&quot;background_background&quot;:&quot;classic&quot;}\">\n\t\t\t\t\t<div class=\"e-con-inner\">\n\t\t<div class=\"elementor-element elementor-element-ad9b2a8 e-grid e-con-full e-con e-child\" data-id=\"ad9b2a8\" data-element_type=\"container\" data-e-type=\"container\">\n\t\t<div class=\"elementor-element elementor-element-a379ef2 e-con-full e-flex e-con e-child\" data-id=\"a379ef2\" data-element_type=\"container\" data-e-type=\"container\" data-settings=\"{&quot;background_background&quot;:&quot;classic&quot;}\">\n\t\t\t\t<div class=\"elementor-element elementor-element-0949b47 elementor-widget elementor-widget-image\" data-id=\"0949b47\" data-element_type=\"widget\" data-e-type=\"widget\" data-widget_type=\"image.default\">\n\t\t\t\t\t\t\t\t\t\t\t\t\t\t\t<img decoding=\"async\" src=\"https:\/\/semillas.cc\/site\/wp-content\/uploads\/2025\/05\/ico-comedores.svg\" class=\"attachment-full size-full wp-image-1594\" alt=\"\" \/>\t\t\t\t\t\t\t\t\t\t\t\t\t\t\t<\/div>\n\t\t\t\t<div class=\"elementor-element elementor-element-24e6b76 elementor-widget elementor-widget-heading\" data-id=\"24e6b76\" data-element_type=\"widget\" data-e-type=\"widget\" data-widget_type=\"heading.default\">\n\t\t\t\t\t<h2 class=\"elementor-heading-title elementor-size-default\">COMEDORES<\/h2>\t\t\t\t<\/div>\n\t\t\t\t<div class=\"elementor-element elementor-element-51be42e elementor-widget elementor-widget-text-editor\" data-id=\"51be42e\" data-element_type=\"widget\" data-e-type=\"widget\" data-widget_type=\"text-editor.default\">\n\t\t\t\t\t\t\t\t\t<p>Con el deseo de servir, nos dedicaremos a <strong>preparar y distribuir comidas gratuitas<\/strong> para quienes lo requieran en la zona. Nuestra intenci\u00f3n es <strong>ofrecer un apoyo tangible<\/strong> para mejorar el bienestar del pr\u00f3jimo. En unidad y compasi\u00f3n, <strong>nos movemos a la acci\u00f3n para aliviar las necesidades<\/strong>.<\/p>\t\t\t\t\t\t\t\t<\/div>\n\t\t\t\t<\/div>\n\t\t<div class=\"elementor-element elementor-element-9651315 e-con-full e-flex e-con e-child\" data-id=\"9651315\" data-element_type=\"container\" data-e-type=\"container\" data-settings=\"{&quot;background_background&quot;:&quot;classic&quot;}\">\n\t\t\t\t<div class=\"elementor-element elementor-element-cf223d7 elementor-widget elementor-widget-image\" data-id=\"cf223d7\" data-element_type=\"widget\" data-e-type=\"widget\" data-widget_type=\"image.default\">\n\t\t\t\t\t\t\t\t\t\t\t\t\t\t\t<img decoding=\"async\" src=\"https:\/\/semillas.cc\/site\/wp-content\/uploads\/2025\/05\/ico-evangelismo.svg\" class=\"attachment-full size-full wp-image-1593\" alt=\"\" \/>\t\t\t\t\t\t\t\t\t\t\t\t\t\t\t<\/div>\n\t\t\t\t<div class=\"elementor-element elementor-element-6280067 elementor-widget elementor-widget-heading\" data-id=\"6280067\" data-element_type=\"widget\" data-e-type=\"widget\" data-widget_type=\"heading.default\">\n\t\t\t\t\t<h2 class=\"elementor-heading-title elementor-size-default\">EVANGELISMO<\/h2>\t\t\t\t<\/div>\n\t\t\t\t<div class=\"elementor-element elementor-element-db387ce elementor-widget elementor-widget-text-editor\" data-id=\"db387ce\" data-element_type=\"widget\" data-e-type=\"widget\" data-widget_type=\"text-editor.default\">\n\t\t\t\t\t\t\t\t\t<p>\u00a0Nuestro anhelo es que cada acci\u00f3n que hagamos genere un <strong>impacto duradero<\/strong>, un eco que resuene mucho despu\u00e9s de que nos hayamos ido. Por ello,<br \/>queremos establecer lazos s\u00f3lidos con iglesias locales y corazones dispuestos a recibir la bendici\u00f3n, asegur\u00e1ndonos de <strong>que la obra de Dios contin\u00fae con pasi\u00f3n y compromiso<\/strong>.<\/p>\t\t\t\t\t\t\t\t<\/div>\n\t\t\t\t<\/div>\n\t\t<div class=\"elementor-element elementor-element-e98caef e-con-full e-flex e-con e-child\" data-id=\"e98caef\" data-element_type=\"container\" data-e-type=\"container\" data-settings=\"{&quot;background_background&quot;:&quot;classic&quot;}\">\n\t\t\t\t<div class=\"elementor-element elementor-element-1547101 elementor-widget elementor-widget-image\" data-id=\"1547101\" data-element_type=\"widget\" data-e-type=\"widget\" data-widget_type=\"image.default\">\n\t\t\t\t\t\t\t\t\t\t\t\t\t\t\t<img decoding=\"async\" src=\"https:\/\/semillas.cc\/site\/wp-content\/uploads\/2025\/05\/ico-asistencia-social.svg\" class=\"attachment-full size-full wp-image-1592\" alt=\"\" \/>\t\t\t\t\t\t\t\t\t\t\t\t\t\t\t<\/div>\n\t\t\t\t<div class=\"elementor-element elementor-element-100a8dd elementor-widget elementor-widget-heading\" data-id=\"100a8dd\" data-element_type=\"widget\" data-e-type=\"widget\" data-widget_type=\"heading.default\">\n\t\t\t\t\t<h2 class=\"elementor-heading-title elementor-size-default\">ASISTENCIA SOCIAL<\/h2>\t\t\t\t<\/div>\n\t\t\t\t<div class=\"elementor-element elementor-element-a102c74 elementor-widget elementor-widget-text-editor\" data-id=\"a102c74\" data-element_type=\"widget\" data-e-type=\"widget\" data-widget_type=\"text-editor.default\">\n\t\t\t\t\t\t\t\t\t<p>Nos comprometemos a compartir con las personas que est\u00e1n pasando necesidad desde la intenci\u00f3n y el prop\u00f3sito, <strong>inspirados siempre por el ejemplo de Jes\u00fas<\/strong>. Cada acci\u00f3n que realizamos refleja nuestro deseo de ayudar y apoyar a los dem\u00e1s, buscando hacer una diferencia significativa en sus vidas.<\/p>\t\t\t\t\t\t\t\t<\/div>\n\t\t\t\t<\/div>\n\t\t<div class=\"elementor-element elementor-element-e968651 e-con-full e-flex e-con e-child\" data-id=\"e968651\" data-element_type=\"container\" data-e-type=\"container\" data-settings=\"{&quot;background_background&quot;:&quot;classic&quot;}\">\n\t\t\t\t<div class=\"elementor-element elementor-element-b600c3e elementor-widget elementor-widget-image\" data-id=\"b600c3e\" data-element_type=\"widget\" data-e-type=\"widget\" data-widget_type=\"image.default\">\n\t\t\t\t\t\t\t\t\t\t\t\t\t\t\t<img decoding=\"async\" src=\"https:\/\/semillas.cc\/site\/wp-content\/uploads\/2025\/05\/ico-salud.svg\" class=\"attachment-full size-full wp-image-1591\" alt=\"\" \/>\t\t\t\t\t\t\t\t\t\t\t\t\t\t\t<\/div>\n\t\t\t\t<div class=\"elementor-element elementor-element-6a497a6 elementor-widget elementor-widget-heading\" data-id=\"6a497a6\" data-element_type=\"widget\" data-e-type=\"widget\" data-widget_type=\"heading.default\">\n\t\t\t\t\t<h2 class=\"elementor-heading-title elementor-size-default\">SALUD<\/h2>\t\t\t\t<\/div>\n\t\t\t\t<div class=\"elementor-element elementor-element-3a9199c elementor-widget elementor-widget-text-editor\" data-id=\"3a9199c\" data-element_type=\"widget\" data-e-type=\"widget\" data-widget_type=\"text-editor.default\">\n\t\t\t\t\t\t\t\t\t<p>Durante los d\u00edas <strong>18 al 21 de noviembre<\/strong> y con actitud de servicio, paciencia y total disponibilidad, ofrecemos <strong>asesoramiento personalizado y gratuito<\/strong> para fomentar h\u00e1bitos saludables y promover la prevenci\u00f3n. Nuestro compromiso es <strong>acompa\u00f1ar y apoyar a cada persona con respeto y dedicaci\u00f3n<\/strong> para que tomen decisiones informadas y positivas para su salud y la de sus familias.<\/p>\t\t\t\t\t\t\t\t<\/div>\n\t\t\t\t<\/div>\n\t\t\t\t<\/div>\n\t\t\t\t\t<\/div>\n\t\t\t\t<\/div>\n\t\t<div class=\"elementor-element elementor-element-26602e0 e-flex e-con-boxed e-con e-parent\" data-id=\"26602e0\" data-element_type=\"container\" data-e-type=\"container\">\n\t\t\t\t\t<div class=\"e-con-inner\">\n\t\t\t\t<div class=\"elementor-element elementor-element-bf83a26 elementor-widget elementor-widget-text-editor\" data-id=\"bf83a26\" data-element_type=\"widget\" data-e-type=\"widget\" data-widget_type=\"text-editor.default\">\n\t\t\t\t\t\t\t\t\t<p>Te invitamos a ser parte de <em>Semillas<\/em> en la misi\u00f3n de sembrar esperanza.<\/p><p>Puedes aportar tu tiempo, recursos o simplemente difundir lo que hacemos para que podamos llevar la palabra de Dios, amor y fe a aquellos que luchan, ayud\u00e1ndoles a encontrar un prop\u00f3sito y una raz\u00f3n para seguir adelante<strong>.<\/strong><\/p>\t\t\t\t\t\t\t\t<\/div>\n\t\t\t\t<div class=\"elementor-element elementor-element-21754a5 elementor-invisible elementor-widget elementor-widget-heading\" data-id=\"21754a5\" data-element_type=\"widget\" data-e-type=\"widget\" data-settings=\"{&quot;_animation&quot;:&quot;fadeIn&quot;}\" data-widget_type=\"heading.default\">\n\t\t\t\t\t<h3 class=\"elementor-heading-title elementor-size-default\"> \u00a1S\u00e9 un instrumento en las manos de Dios!<\/h3>\t\t\t\t<\/div>\n\t\t\t\t\t<\/div>\n\t\t\t\t<\/div>\n\t\t<div class=\"elementor-element elementor-element-f70154f e-con-full e-flex e-con e-parent\" data-id=\"f70154f\" data-element_type=\"container\" data-e-type=\"container\">\n\t\t\t\t<div class=\"elementor-element elementor-element-2673b2d elementor-widget elementor-widget-gallery\" data-id=\"2673b2d\" data-element_type=\"widget\" data-e-type=\"widget\" data-settings=\"{&quot;columns&quot;:3,&quot;gap&quot;:{&quot;unit&quot;:&quot;px&quot;,&quot;size&quot;:5,&quot;sizes&quot;:[]},&quot;aspect_ratio&quot;:&quot;16:9&quot;,&quot;lazyload&quot;:&quot;yes&quot;,&quot;gallery_layout&quot;:&quot;grid&quot;,&quot;columns_tablet&quot;:2,&quot;columns_mobile&quot;:1,&quot;gap_tablet&quot;:{&quot;unit&quot;:&quot;px&quot;,&quot;size&quot;:10,&quot;sizes&quot;:[]},&quot;gap_mobile&quot;:{&quot;unit&quot;:&quot;px&quot;,&quot;size&quot;:10,&quot;sizes&quot;:[]},&quot;link_to&quot;:&quot;file&quot;,&quot;overlay_background&quot;:&quot;yes&quot;,&quot;content_hover_animation&quot;:&quot;fade-in&quot;}\" data-widget_type=\"gallery.default\">\n\t\t\t\t\t\t\t<div class=\"elementor-gallery__container\">\n\t\t\t\t\t\t\t<a class=\"e-gallery-item elementor-gallery-item elementor-animated-content\" href=\"https:\/\/semillas.cc\/site\/wp-content\/uploads\/2025\/06\/IMG_0080-scaled.jpg\" data-elementor-open-lightbox=\"yes\" data-elementor-lightbox-slideshow=\"2673b2d\" data-e-action-hash=\"#elementor-action%3Aaction%3Dlightbox%26settings%3DeyJpZCI6MjI1MSwidXJsIjoiaHR0cHM6XC9cL3NlbWlsbGFzLmNjXC9zaXRlXC93cC1jb250ZW50XC91cGxvYWRzXC8yMDI1XC8wNlwvSU1HXzAwODAtc2NhbGVkLmpwZyIsInNsaWRlc2hvdyI6IjI2NzNiMmQifQ%3D%3D\">\n\t\t\t\t\t<div class=\"e-gallery-image elementor-gallery-item__image\" data-thumbnail=\"https:\/\/semillas.cc\/site\/wp-content\/uploads\/2025\/06\/IMG_0080-scaled.jpg\" data-width=\"2560\" data-height=\"1707\" aria-label=\"\" role=\"img\" ><\/div>\n\t\t\t\t\t\t\t\t\t\t\t<div class=\"elementor-gallery-item__overlay\"><\/div>\n\t\t\t\t\t\t\t\t\t\t\t\t\t\t<\/a>\n\t\t\t\t\t\t\t<a class=\"e-gallery-item elementor-gallery-item elementor-animated-content\" href=\"https:\/\/semillas.cc\/site\/wp-content\/uploads\/2025\/06\/IMG_0060-scaled.jpg\" data-elementor-open-lightbox=\"yes\" data-elementor-lightbox-slideshow=\"2673b2d\" data-e-action-hash=\"#elementor-action%3Aaction%3Dlightbox%26settings%3DeyJpZCI6MjI1MCwidXJsIjoiaHR0cHM6XC9cL3NlbWlsbGFzLmNjXC9zaXRlXC93cC1jb250ZW50XC91cGxvYWRzXC8yMDI1XC8wNlwvSU1HXzAwNjAtc2NhbGVkLmpwZyIsInNsaWRlc2hvdyI6IjI2NzNiMmQifQ%3D%3D\">\n\t\t\t\t\t<div class=\"e-gallery-image elementor-gallery-item__image\" data-thumbnail=\"https:\/\/semillas.cc\/site\/wp-content\/uploads\/2025\/06\/IMG_0060-scaled.jpg\" data-width=\"2560\" data-height=\"1707\" aria-label=\"\" role=\"img\" ><\/div>\n\t\t\t\t\t\t\t\t\t\t\t<div class=\"elementor-gallery-item__overlay\"><\/div>\n\t\t\t\t\t\t\t\t\t\t\t\t\t\t<\/a>\n\t\t\t\t\t\t\t<a class=\"e-gallery-item elementor-gallery-item elementor-animated-content\" href=\"https:\/\/semillas.cc\/site\/wp-content\/uploads\/2025\/06\/IMG_0004-scaled.jpg\" data-elementor-open-lightbox=\"yes\" data-elementor-lightbox-slideshow=\"2673b2d\" data-e-action-hash=\"#elementor-action%3Aaction%3Dlightbox%26settings%3DeyJpZCI6MjI0OCwidXJsIjoiaHR0cHM6XC9cL3NlbWlsbGFzLmNjXC9zaXRlXC93cC1jb250ZW50XC91cGxvYWRzXC8yMDI1XC8wNlwvSU1HXzAwMDQtc2NhbGVkLmpwZyIsInNsaWRlc2hvdyI6IjI2NzNiMmQifQ%3D%3D\">\n\t\t\t\t\t<div class=\"e-gallery-image elementor-gallery-item__image\" data-thumbnail=\"https:\/\/semillas.cc\/site\/wp-content\/uploads\/2025\/06\/IMG_0004-scaled.jpg\" data-width=\"2560\" data-height=\"1707\" aria-label=\"\" role=\"img\" ><\/div>\n\t\t\t\t\t\t\t\t\t\t\t<div class=\"elementor-gallery-item__overlay\"><\/div>\n\t\t\t\t\t\t\t\t\t\t\t\t\t\t<\/a>\n\t\t\t\t\t\t\t<a class=\"e-gallery-item elementor-gallery-item elementor-animated-content\" href=\"https:\/\/semillas.cc\/site\/wp-content\/uploads\/2025\/06\/IMG_0018-scaled.jpg\" data-elementor-open-lightbox=\"yes\" data-elementor-lightbox-slideshow=\"2673b2d\" data-e-action-hash=\"#elementor-action%3Aaction%3Dlightbox%26settings%3DeyJpZCI6MjI0OSwidXJsIjoiaHR0cHM6XC9cL3NlbWlsbGFzLmNjXC9zaXRlXC93cC1jb250ZW50XC91cGxvYWRzXC8yMDI1XC8wNlwvSU1HXzAwMTgtc2NhbGVkLmpwZyIsInNsaWRlc2hvdyI6IjI2NzNiMmQifQ%3D%3D\">\n\t\t\t\t\t<div class=\"e-gallery-image elementor-gallery-item__image\" data-thumbnail=\"https:\/\/semillas.cc\/site\/wp-content\/uploads\/2025\/06\/IMG_0018-scaled.jpg\" data-width=\"2560\" data-height=\"1707\" aria-label=\"\" role=\"img\" ><\/div>\n\t\t\t\t\t\t\t\t\t\t\t<div class=\"elementor-gallery-item__overlay\"><\/div>\n\t\t\t\t\t\t\t\t\t\t\t\t\t\t<\/a>\n\t\t\t\t\t\t\t<a class=\"e-gallery-item elementor-gallery-item elementor-animated-content\" href=\"https:\/\/semillas.cc\/site\/wp-content\/uploads\/2025\/06\/IMG_0091-scaled.jpg\" data-elementor-open-lightbox=\"yes\" data-elementor-lightbox-slideshow=\"2673b2d\" data-e-action-hash=\"#elementor-action%3Aaction%3Dlightbox%26settings%3DeyJpZCI6MjI1MiwidXJsIjoiaHR0cHM6XC9cL3NlbWlsbGFzLmNjXC9zaXRlXC93cC1jb250ZW50XC91cGxvYWRzXC8yMDI1XC8wNlwvSU1HXzAwOTEtc2NhbGVkLmpwZyIsInNsaWRlc2hvdyI6IjI2NzNiMmQifQ%3D%3D\">\n\t\t\t\t\t<div class=\"e-gallery-image elementor-gallery-item__image\" data-thumbnail=\"https:\/\/semillas.cc\/site\/wp-content\/uploads\/2025\/06\/IMG_0091-scaled.jpg\" data-width=\"2560\" data-height=\"1707\" aria-label=\"\" role=\"img\" ><\/div>\n\t\t\t\t\t\t\t\t\t\t\t<div class=\"elementor-gallery-item__overlay\"><\/div>\n\t\t\t\t\t\t\t\t\t\t\t\t\t\t<\/a>\n\t\t\t\t\t\t\t<a class=\"e-gallery-item elementor-gallery-item elementor-animated-content\" href=\"https:\/\/semillas.cc\/site\/wp-content\/uploads\/2025\/06\/IMG_0114-scaled.jpg\" data-elementor-open-lightbox=\"yes\" data-elementor-lightbox-slideshow=\"2673b2d\" data-e-action-hash=\"#elementor-action%3Aaction%3Dlightbox%26settings%3DeyJpZCI6MjI1MywidXJsIjoiaHR0cHM6XC9cL3NlbWlsbGFzLmNjXC9zaXRlXC93cC1jb250ZW50XC91cGxvYWRzXC8yMDI1XC8wNlwvSU1HXzAxMTQtc2NhbGVkLmpwZyIsInNsaWRlc2hvdyI6IjI2NzNiMmQifQ%3D%3D\">\n\t\t\t\t\t<div class=\"e-gallery-image elementor-gallery-item__image\" data-thumbnail=\"https:\/\/semillas.cc\/site\/wp-content\/uploads\/2025\/06\/IMG_0114-scaled.jpg\" data-width=\"2560\" data-height=\"1707\" aria-label=\"\" role=\"img\" ><\/div>\n\t\t\t\t\t\t\t\t\t\t\t<div class=\"elementor-gallery-item__overlay\"><\/div>\n\t\t\t\t\t\t\t\t\t\t\t\t\t\t<\/a>\n\t\t\t\t\t\t\t<a class=\"e-gallery-item elementor-gallery-item elementor-animated-content\" href=\"https:\/\/semillas.cc\/site\/wp-content\/uploads\/2025\/06\/IMG_0160-scaled.jpg\" data-elementor-open-lightbox=\"yes\" data-elementor-lightbox-slideshow=\"2673b2d\" data-e-action-hash=\"#elementor-action%3Aaction%3Dlightbox%26settings%3DeyJpZCI6MjI1NCwidXJsIjoiaHR0cHM6XC9cL3NlbWlsbGFzLmNjXC9zaXRlXC93cC1jb250ZW50XC91cGxvYWRzXC8yMDI1XC8wNlwvSU1HXzAxNjAtc2NhbGVkLmpwZyIsInNsaWRlc2hvdyI6IjI2NzNiMmQifQ%3D%3D\">\n\t\t\t\t\t<div class=\"e-gallery-image elementor-gallery-item__image\" data-thumbnail=\"https:\/\/semillas.cc\/site\/wp-content\/uploads\/2025\/06\/IMG_0160-scaled.jpg\" data-width=\"2560\" data-height=\"1707\" aria-label=\"\" role=\"img\" ><\/div>\n\t\t\t\t\t\t\t\t\t\t\t<div class=\"elementor-gallery-item__overlay\"><\/div>\n\t\t\t\t\t\t\t\t\t\t\t\t\t\t<\/a>\n\t\t\t\t\t\t\t<a class=\"e-gallery-item elementor-gallery-item elementor-animated-content\" href=\"https:\/\/semillas.cc\/site\/wp-content\/uploads\/2025\/06\/IMG_0390-scaled.jpg\" data-elementor-open-lightbox=\"yes\" data-elementor-lightbox-slideshow=\"2673b2d\" data-e-action-hash=\"#elementor-action%3Aaction%3Dlightbox%26settings%3DeyJpZCI6MjI1NywidXJsIjoiaHR0cHM6XC9cL3NlbWlsbGFzLmNjXC9zaXRlXC93cC1jb250ZW50XC91cGxvYWRzXC8yMDI1XC8wNlwvSU1HXzAzOTAtc2NhbGVkLmpwZyIsInNsaWRlc2hvdyI6IjI2NzNiMmQifQ%3D%3D\">\n\t\t\t\t\t<div class=\"e-gallery-image elementor-gallery-item__image\" data-thumbnail=\"https:\/\/semillas.cc\/site\/wp-content\/uploads\/2025\/06\/IMG_0390-scaled.jpg\" data-width=\"2560\" data-height=\"1707\" aria-label=\"\" role=\"img\" ><\/div>\n\t\t\t\t\t\t\t\t\t\t\t<div class=\"elementor-gallery-item__overlay\"><\/div>\n\t\t\t\t\t\t\t\t\t\t\t\t\t\t<\/a>\n\t\t\t\t\t\t\t<a class=\"e-gallery-item elementor-gallery-item elementor-animated-content\" href=\"https:\/\/semillas.cc\/site\/wp-content\/uploads\/2025\/06\/IMG_9898-scaled.jpg\" data-elementor-open-lightbox=\"yes\" data-elementor-lightbox-slideshow=\"2673b2d\" data-e-action-hash=\"#elementor-action%3Aaction%3Dlightbox%26settings%3DeyJpZCI6MjI1OCwidXJsIjoiaHR0cHM6XC9cL3NlbWlsbGFzLmNjXC9zaXRlXC93cC1jb250ZW50XC91cGxvYWRzXC8yMDI1XC8wNlwvSU1HXzk4OTgtc2NhbGVkLmpwZyIsInNsaWRlc2hvdyI6IjI2NzNiMmQifQ%3D%3D\">\n\t\t\t\t\t<div class=\"e-gallery-image elementor-gallery-item__image\" data-thumbnail=\"https:\/\/semillas.cc\/site\/wp-content\/uploads\/2025\/06\/IMG_9898-scaled.jpg\" data-width=\"2560\" data-height=\"1707\" aria-label=\"\" role=\"img\" ><\/div>\n\t\t\t\t\t\t\t\t\t\t\t<div class=\"elementor-gallery-item__overlay\"><\/div>\n\t\t\t\t\t\t\t\t\t\t\t\t\t\t<\/a>\n\t\t\t\t\t<\/div>\n\t\t\t\t\t<\/div>\n\t\t\t\t<\/div>\n\t\t\t\t<\/div>\n\t\t","protected":false},"excerpt":{"rendered":"<p>CACALCH\u00c9N Amar y servir desde el ejemplo de Jes\u00fas Llevaremos adelante jornadas de salud y bienestar en la comunidad local, conscientes de lo alejada que est\u00e1 la poblaci\u00f3n para acceder a los servicios m\u00e9dicos esenciales. Contaremos con un equipo de profesionales comprometidos, incluyendo dentistas, optometristas, m\u00e9dicos generales, especialistas en medicina preventiva, geriatras, pediatras y ginec\u00f3logos, [&hellip;]<\/p>\n","protected":false},"author":1,"featured_media":0,"parent":0,"menu_order":0,"comment_status":"closed","ping_status":"closed","template":"","meta":{"footnotes":""},"class_list":["post-1877","page","type-page","status-publish","hentry"],"_links":{"self":[{"href":"https:\/\/semillas.cc\/site\/wp-json\/wp\/v2\/pages\/1877","targetHints":{"allow":["GET"]}}],"collection":[{"href":"https:\/\/semillas.cc\/site\/wp-json\/wp\/v2\/pages"}],"about":[{"href":"https:\/\/semillas.cc\/site\/wp-json\/wp\/v2\/types\/page"}],"author":[{"embeddable":true,"href":"https:\/\/semillas.cc\/site\/wp-json\/wp\/v2\/users\/1"}],"replies":[{"embeddable":true,"href":"https:\/\/semillas.cc\/site\/wp-json\/wp\/v2\/comments?post=1877"}],"version-history":[{"count":44,"href":"https:\/\/semillas.cc\/site\/wp-json\/wp\/v2\/pages\/1877\/revisions"}],"predecessor-version":[{"id":2758,"href":"https:\/\/semillas.cc\/site\/wp-json\/wp\/v2\/pages\/1877\/revisions\/2758"}],"wp:attachment":[{"href":"https:\/\/semillas.cc\/site\/wp-json\/wp\/v2\/media?parent=1877"}],"curies":[{"name":"wp","href":"https:\/\/api.w.org\/{rel}","templated":true}]}}