{"id":2028,"date":"2025-08-06T07:06:48","date_gmt":"2025-08-06T11:06:48","guid":{"rendered":"https:\/\/semillas.cc\/site\/?page_id=2028"},"modified":"2025-07-16T16:13:28","modified_gmt":"2025-07-16T20:13:28","slug":"quiero-ser-parte","status":"publish","type":"page","link":"https:\/\/semillas.cc\/site\/es\/quiero-ser-parte\/","title":{"rendered":"Quiero ser parte"},"content":{"rendered":"\t\t<div data-elementor-type=\"wp-page\" data-elementor-id=\"2028\" class=\"elementor elementor-2028\" data-elementor-post-type=\"page\">\n\t\t\t\t<div class=\"elementor-element elementor-element-51a1d53 e-flex e-con-boxed e-con e-parent\" data-id=\"51a1d53\" data-element_type=\"container\" data-e-type=\"container\" data-settings=\"{&quot;background_background&quot;:&quot;classic&quot;}\">\n\t\t\t\t\t<div class=\"e-con-inner\">\n\t\t<div class=\"elementor-element elementor-element-cc8e314 e-con-full e-flex e-con e-child\" data-id=\"cc8e314\" data-element_type=\"container\" data-e-type=\"container\">\n\t\t\t\t<div class=\"elementor-element elementor-element-40dda70 elementor-align-center elementor-widget elementor-widget-button\" data-id=\"40dda70\" data-element_type=\"widget\" data-e-type=\"widget\" data-widget_type=\"button.default\">\n\t\t\t\t\t\t\t\t\t\t<a class=\"elementor-button elementor-button-link elementor-size-md\" href=\"#\">\n\t\t\t\t\t\t<span class=\"elementor-button-content-wrapper\">\n\t\t\t\t\t\t\t\t\t<span class=\"elementor-button-text\">QUIERO SER PARTE<\/span>\n\t\t\t\t\t<\/span>\n\t\t\t\t\t<\/a>\n\t\t\t\t\t\t\t\t<\/div>\n\t\t<div class=\"elementor-element elementor-element-3e01c55 e-con-full e-flex e-con e-child\" data-id=\"3e01c55\" data-element_type=\"container\" data-e-type=\"container\">\n\t\t<div class=\"elementor-element elementor-element-c4848e9 e-con-full e-flex e-con e-child\" data-id=\"c4848e9\" data-element_type=\"container\" data-e-type=\"container\">\n\t\t\t\t<div class=\"elementor-element elementor-element-93c9dbb elementor-widget elementor-widget-image\" data-id=\"93c9dbb\" data-element_type=\"widget\" data-e-type=\"widget\" data-widget_type=\"image.default\">\n\t\t\t\t\t\t\t\t\t\t\t\t\t\t\t<img decoding=\"async\" width=\"1\" height=\"1\" src=\"https:\/\/semillas.cc\/site\/wp-content\/uploads\/2025\/06\/icon-donar.svg\" class=\"attachment-large size-large wp-image-1981\" alt=\"\" \/>\t\t\t\t\t\t\t\t\t\t\t\t\t\t\t<\/div>\n\t\t\t\t<\/div>\n\t\t<div class=\"elementor-element elementor-element-79d169b e-con-full e-flex e-con e-child\" data-id=\"79d169b\" data-element_type=\"container\" data-e-type=\"container\">\n\t\t\t\t<div class=\"elementor-element elementor-element-d4fd04d elementor-widget elementor-widget-heading\" data-id=\"d4fd04d\" data-element_type=\"widget\" data-e-type=\"widget\" data-widget_type=\"heading.default\">\n\t\t\t\t\t<h3 class=\"elementor-heading-title elementor-size-default\">DONAR DINERO<\/h3>\t\t\t\t<\/div>\n\t\t\t\t<div class=\"elementor-element elementor-element-7324f53 elementor-widget elementor-widget-text-editor\" data-id=\"7324f53\" data-element_type=\"widget\" data-e-type=\"widget\" data-widget_type=\"text-editor.default\">\n\t\t\t\t\t\t\t\t\t<p><em>Semillas<\/em> te ofrece distintas opciones para que puedas concretar tu gesto solidario en forma r\u00e1pida y segura.<\/p>\t\t\t\t\t\t\t\t<\/div>\n\t\t\t\t<div class=\"elementor-element elementor-element-83dee54 elementor-mobile-align-center elementor-widget elementor-widget-button\" data-id=\"83dee54\" data-element_type=\"widget\" data-e-type=\"widget\" data-widget_type=\"button.default\">\n\t\t\t\t\t\t\t\t\t\t<a class=\"elementor-button elementor-button-link elementor-size-sm\" href=\"https:\/\/semillas.cc\/site\/quiero-ser-parte-donar-dinero\/\">\n\t\t\t\t\t\t<span class=\"elementor-button-content-wrapper\">\n\t\t\t\t\t\t\t\t\t<span class=\"elementor-button-text\">QUIERO DONAR<\/span>\n\t\t\t\t\t<\/span>\n\t\t\t\t\t<\/a>\n\t\t\t\t\t\t\t\t<\/div>\n\t\t\t\t<\/div>\n\t\t\t\t<\/div>\n\t\t<div class=\"elementor-element elementor-element-dedb189 e-con-full e-flex e-con e-child\" data-id=\"dedb189\" data-element_type=\"container\" data-e-type=\"container\">\n\t\t<div class=\"elementor-element elementor-element-38d7285 e-con-full e-flex e-con e-child\" data-id=\"38d7285\" data-element_type=\"container\" data-e-type=\"container\">\n\t\t\t\t<div class=\"elementor-element elementor-element-729e4d2 elementor-widget elementor-widget-image\" data-id=\"729e4d2\" data-element_type=\"widget\" data-e-type=\"widget\" data-widget_type=\"image.default\">\n\t\t\t\t\t\t\t\t\t\t\t\t\t\t\t<img decoding=\"async\" width=\"1\" height=\"1\" src=\"https:\/\/semillas.cc\/site\/wp-content\/uploads\/2025\/06\/ico-medicamentos.svg\" class=\"attachment-large size-large wp-image-2031\" alt=\"\" \/>\t\t\t\t\t\t\t\t\t\t\t\t\t\t\t<\/div>\n\t\t\t\t<\/div>\n\t\t<div class=\"elementor-element elementor-element-5d27182 e-con-full e-flex e-con e-child\" data-id=\"5d27182\" data-element_type=\"container\" data-e-type=\"container\">\n\t\t\t\t<div class=\"elementor-element elementor-element-09fa444 elementor-widget elementor-widget-heading\" data-id=\"09fa444\" data-element_type=\"widget\" data-e-type=\"widget\" data-widget_type=\"heading.default\">\n\t\t\t\t\t<h3 class=\"elementor-heading-title elementor-size-default\">DONAR MEDICAMENTOS<\/h3>\t\t\t\t<\/div>\n\t\t\t\t<div class=\"elementor-element elementor-element-b14763c elementor-widget elementor-widget-text-editor\" data-id=\"b14763c\" data-element_type=\"widget\" data-e-type=\"widget\" data-widget_type=\"text-editor.default\">\n\t\t\t\t\t\t\t\t\t<p>Con tu colaboraci\u00f3n, m\u00e1s personas podr\u00e1n acceder a tratamientos que hoy no est\u00e1n a su alcance.<\/p>\t\t\t\t\t\t\t\t<\/div>\n\t\t\t\t<div class=\"elementor-element elementor-element-a3918cb elementor-mobile-align-center elementor-widget elementor-widget-button\" data-id=\"a3918cb\" data-element_type=\"widget\" data-e-type=\"widget\" data-widget_type=\"button.default\">\n\t\t\t\t\t\t\t\t\t\t<a class=\"elementor-button elementor-button-link elementor-size-sm\" href=\"https:\/\/semillas.cc\/site\/quiero-ser-parte-donar-medicamentos\/\">\n\t\t\t\t\t\t<span class=\"elementor-button-content-wrapper\">\n\t\t\t\t\t\t\t\t\t<span class=\"elementor-button-text\">DONAR MEDICAMENTOS<\/span>\n\t\t\t\t\t<\/span>\n\t\t\t\t\t<\/a>\n\t\t\t\t\t\t\t\t<\/div>\n\t\t\t\t<\/div>\n\t\t\t\t<\/div>\n\t\t<div class=\"elementor-element elementor-element-5406b5a e-con-full elementor-hidden-desktop elementor-hidden-tablet elementor-hidden-mobile e-flex e-con e-child\" data-id=\"5406b5a\" data-element_type=\"container\" data-e-type=\"container\">\n\t\t<div class=\"elementor-element elementor-element-d0ef530 e-con-full e-flex e-con e-child\" data-id=\"d0ef530\" data-element_type=\"container\" data-e-type=\"container\">\n\t\t\t\t<div class=\"elementor-element elementor-element-50af1da elementor-widget elementor-widget-image\" data-id=\"50af1da\" data-element_type=\"widget\" data-e-type=\"widget\" data-widget_type=\"image.default\">\n\t\t\t\t\t\t\t\t\t\t\t\t\t\t\t<img decoding=\"async\" width=\"1\" height=\"1\" src=\"https:\/\/semillas.cc\/site\/wp-content\/uploads\/2025\/06\/ico-mercaderia.svg\" class=\"attachment-large size-large wp-image-2032\" alt=\"\" \/>\t\t\t\t\t\t\t\t\t\t\t\t\t\t\t<\/div>\n\t\t\t\t<\/div>\n\t\t<div class=\"elementor-element elementor-element-aa2bc25 e-con-full e-flex e-con e-child\" data-id=\"aa2bc25\" data-element_type=\"container\" data-e-type=\"container\">\n\t\t\t\t<div class=\"elementor-element elementor-element-c12ff19 elementor-widget elementor-widget-heading\" data-id=\"c12ff19\" data-element_type=\"widget\" data-e-type=\"widget\" data-widget_type=\"heading.default\">\n\t\t\t\t\t<h3 class=\"elementor-heading-title elementor-size-default\">DONAR MERCADER\u00cdA<\/h3>\t\t\t\t<\/div>\n\t\t\t\t<div class=\"elementor-element elementor-element-06125ee elementor-widget elementor-widget-text-editor\" data-id=\"06125ee\" data-element_type=\"widget\" data-e-type=\"widget\" data-widget_type=\"text-editor.default\">\n\t\t\t\t\t\t\t\t\t<p>Tu aporte de alimentos no perecederos, adem\u00e1s de llenar una mesa, ser\u00e1n un alivio para muchas familias.<\/p>\t\t\t\t\t\t\t\t<\/div>\n\t\t\t\t<div class=\"elementor-element elementor-element-623fef4 elementor-mobile-align-center elementor-widget elementor-widget-button\" data-id=\"623fef4\" data-element_type=\"widget\" data-e-type=\"widget\" data-widget_type=\"button.default\">\n\t\t\t\t\t\t\t\t\t\t<a class=\"elementor-button elementor-button-link elementor-size-sm\" href=\"https:\/\/semillas.cc\/site\/quiero-ser-parte-donar-mercaderia\/\">\n\t\t\t\t\t\t<span class=\"elementor-button-content-wrapper\">\n\t\t\t\t\t\t\t\t\t<span class=\"elementor-button-text\">DONAR MERCADER\u00cdA<\/span>\n\t\t\t\t\t<\/span>\n\t\t\t\t\t<\/a>\n\t\t\t\t\t\t\t\t<\/div>\n\t\t\t\t<\/div>\n\t\t\t\t<\/div>\n\t\t<div class=\"elementor-element elementor-element-646e5db e-con-full elementor-hidden-desktop elementor-hidden-tablet elementor-hidden-mobile e-flex e-con e-child\" data-id=\"646e5db\" data-element_type=\"container\" data-e-type=\"container\">\n\t\t<div class=\"elementor-element elementor-element-e0d93eb e-con-full e-flex e-con e-child\" data-id=\"e0d93eb\" data-element_type=\"container\" data-e-type=\"container\">\n\t\t\t\t<div class=\"elementor-element elementor-element-68228dd elementor-widget elementor-widget-image\" data-id=\"68228dd\" data-element_type=\"widget\" data-e-type=\"widget\" data-widget_type=\"image.default\">\n\t\t\t\t\t\t\t\t\t\t\t\t\t\t\t<img loading=\"lazy\" decoding=\"async\" width=\"1\" height=\"1\" src=\"https:\/\/semillas.cc\/site\/wp-content\/uploads\/2025\/06\/ico-apadrinar.svg\" class=\"attachment-large size-large wp-image-2030\" alt=\"\" \/>\t\t\t\t\t\t\t\t\t\t\t\t\t\t\t<\/div>\n\t\t\t\t<\/div>\n\t\t<div class=\"elementor-element elementor-element-561437b e-con-full e-flex e-con e-child\" data-id=\"561437b\" data-element_type=\"container\" data-e-type=\"container\">\n\t\t\t\t<div class=\"elementor-element elementor-element-b50b551 elementor-widget elementor-widget-heading\" data-id=\"b50b551\" data-element_type=\"widget\" data-e-type=\"widget\" data-widget_type=\"heading.default\">\n\t\t\t\t\t<h3 class=\"elementor-heading-title elementor-size-default\">APADRINAR A UN ESTUDIANTE<\/h3>\t\t\t\t<\/div>\n\t\t\t\t<div class=\"elementor-element elementor-element-7b38cb3 elementor-widget elementor-widget-text-editor\" data-id=\"7b38cb3\" data-element_type=\"widget\" data-e-type=\"widget\" data-widget_type=\"text-editor.default\">\n\t\t\t\t\t\t\t\t\t<p>Con tu ayuda, un ni\u00f1o podr\u00e1 acceder a la educaci\u00f3n y a un futuro con m\u00e1s oportunidades.<\/p>\t\t\t\t\t\t\t\t<\/div>\n\t\t\t\t<div class=\"elementor-element elementor-element-efd6004 elementor-mobile-align-center elementor-widget elementor-widget-button\" data-id=\"efd6004\" data-element_type=\"widget\" data-e-type=\"widget\" data-widget_type=\"button.default\">\n\t\t\t\t\t\t\t\t\t\t<a class=\"elementor-button elementor-button-link elementor-size-sm\" href=\"https:\/\/semillas.cc\/site\/quiero-ser-parte-apadrinar-un-estudiante\/\">\n\t\t\t\t\t\t<span class=\"elementor-button-content-wrapper\">\n\t\t\t\t\t\t\t\t\t<span class=\"elementor-button-text\">QUIERO SER PADRINO<\/span>\n\t\t\t\t\t<\/span>\n\t\t\t\t\t<\/a>\n\t\t\t\t\t\t\t\t<\/div>\n\t\t\t\t<\/div>\n\t\t\t\t<\/div>\n\t\t<div class=\"elementor-element elementor-element-de9684e e-con-full e-flex e-con e-child\" data-id=\"de9684e\" data-element_type=\"container\" data-e-type=\"container\">\n\t\t<div class=\"elementor-element elementor-element-749f39d e-con-full e-flex e-con e-child\" data-id=\"749f39d\" data-element_type=\"container\" data-e-type=\"container\">\n\t\t\t\t<div class=\"elementor-element elementor-element-445565d elementor-widget elementor-widget-image\" data-id=\"445565d\" data-element_type=\"widget\" data-e-type=\"widget\" data-widget_type=\"image.default\">\n\t\t\t\t\t\t\t\t\t\t\t\t\t\t\t<img loading=\"lazy\" decoding=\"async\" width=\"1\" height=\"1\" src=\"https:\/\/semillas.cc\/site\/wp-content\/uploads\/2025\/06\/ico-voluntario.svg\" class=\"attachment-large size-large wp-image-2033\" alt=\"\" \/>\t\t\t\t\t\t\t\t\t\t\t\t\t\t\t<\/div>\n\t\t\t\t<\/div>\n\t\t<div class=\"elementor-element elementor-element-c8c767f e-con-full e-flex e-con e-child\" data-id=\"c8c767f\" data-element_type=\"container\" data-e-type=\"container\">\n\t\t\t\t<div class=\"elementor-element elementor-element-1576133 elementor-widget elementor-widget-heading\" data-id=\"1576133\" data-element_type=\"widget\" data-e-type=\"widget\" data-widget_type=\"heading.default\">\n\t\t\t\t\t<h3 class=\"elementor-heading-title elementor-size-default\">COMO VOLUNTARIO<\/h3>\t\t\t\t<\/div>\n\t\t\t\t<div class=\"elementor-element elementor-element-5128eb1 elementor-widget elementor-widget-text-editor\" data-id=\"5128eb1\" data-element_type=\"widget\" data-e-type=\"widget\" data-widget_type=\"text-editor.default\">\n\t\t\t\t\t\t\t\t\t<p>Tu tiempo es el regalo m\u00e1s valioso. Con tus manos y tu coraz\u00f3n, sembramos esperanza en cada coraz\u00f3n.<\/p>\t\t\t\t\t\t\t\t<\/div>\n\t\t\t\t<div class=\"elementor-element elementor-element-f708e56 elementor-mobile-align-center elementor-widget elementor-widget-button\" data-id=\"f708e56\" data-element_type=\"widget\" data-e-type=\"widget\" data-widget_type=\"button.default\">\n\t\t\t\t\t\t\t\t\t\t<a class=\"elementor-button elementor-button-link elementor-size-sm\" href=\"https:\/\/semillas.cc\/site\/quiero-ser-parte-quiero-ser-voluntario\/\">\n\t\t\t\t\t\t<span class=\"elementor-button-content-wrapper\">\n\t\t\t\t\t\t\t\t\t<span class=\"elementor-button-text\">QUIERO SER VOLUNTARIO<\/span>\n\t\t\t\t\t<\/span>\n\t\t\t\t\t<\/a>\n\t\t\t\t\t\t\t\t<\/div>\n\t\t\t\t<\/div>\n\t\t\t\t<\/div>\n\t\t\t\t<\/div>\n\t\t\t\t\t<\/div>\n\t\t\t\t<\/div>\n\t\t<div class=\"elementor-element elementor-element-e3f02e4 e-flex e-con-boxed e-con e-parent\" data-id=\"e3f02e4\" data-element_type=\"container\" data-e-type=\"container\" data-settings=\"{&quot;background_background&quot;:&quot;classic&quot;}\">\n\t\t\t\t\t<div class=\"e-con-inner\">\n\t\t\t\t<div class=\"elementor-element elementor-element-cd6acbb elementor-widget elementor-widget-heading\" data-id=\"cd6acbb\" data-element_type=\"widget\" data-e-type=\"widget\" data-widget_type=\"heading.default\">\n\t\t\t\t\t<h3 class=\"elementor-heading-title elementor-size-default\">\u00a1TU ayuda puede marcar la diferencia!<\/h3>\t\t\t\t<\/div>\n\t\t\t\t<div class=\"elementor-element elementor-element-98e9ff6 elementor-widget elementor-widget-text-editor\" data-id=\"98e9ff6\" data-element_type=\"widget\" data-e-type=\"widget\" data-widget_type=\"text-editor.default\">\n\t\t\t\t\t\t\t\t\tTe invitamos a ser parte de <em>Semillas<\/em> en la misi\u00f3n de sembrar esperanza.\n\nPuedes aportar tu tiempo, recursos o simplemente difundir lo que hacemos para que podamos llevar la palabra de Dios, amor y fe a aquellos que luchan, ayud\u00e1ndoles a encontrar un prop\u00f3sito y una raz\u00f3n para seguir adelante.\t\t\t\t\t\t\t\t<\/div>\n\t\t\t\t\t<\/div>\n\t\t\t\t<\/div>\n\t\t\t\t<\/div>\n\t\t","protected":false},"excerpt":{"rendered":"<p>QUIERO SER PARTE DONAR DINERO Semillas te ofrece distintas opciones para que puedas concretar tu gesto solidario en forma r\u00e1pida y segura. QUIERO DONAR DONAR MEDICAMENTOS Con tu colaboraci\u00f3n, m\u00e1s personas podr\u00e1n acceder a tratamientos que hoy no est\u00e1n a su alcance. DONAR MEDICAMENTOS DONAR MERCADER\u00cdA Tu aporte de alimentos no perecederos, adem\u00e1s de llenar [&hellip;]<\/p>\n","protected":false},"author":1,"featured_media":0,"parent":0,"menu_order":0,"comment_status":"closed","ping_status":"closed","template":"","meta":{"footnotes":""},"class_list":["post-2028","page","type-page","status-publish","hentry"],"_links":{"self":[{"href":"https:\/\/semillas.cc\/site\/wp-json\/wp\/v2\/pages\/2028","targetHints":{"allow":["GET"]}}],"collection":[{"href":"https:\/\/semillas.cc\/site\/wp-json\/wp\/v2\/pages"}],"about":[{"href":"https:\/\/semillas.cc\/site\/wp-json\/wp\/v2\/types\/page"}],"author":[{"embeddable":true,"href":"https:\/\/semillas.cc\/site\/wp-json\/wp\/v2\/users\/1"}],"replies":[{"embeddable":true,"href":"https:\/\/semillas.cc\/site\/wp-json\/wp\/v2\/comments?post=2028"}],"version-history":[{"count":47,"href":"https:\/\/semillas.cc\/site\/wp-json\/wp\/v2\/pages\/2028\/revisions"}],"predecessor-version":[{"id":2722,"href":"https:\/\/semillas.cc\/site\/wp-json\/wp\/v2\/pages\/2028\/revisions\/2722"}],"wp:attachment":[{"href":"https:\/\/semillas.cc\/site\/wp-json\/wp\/v2\/media?parent=2028"}],"curies":[{"name":"wp","href":"https:\/\/api.w.org\/{rel}","templated":true}]}}